(17)?
6
Let i(a) = -10*a**3 - 195*a**2 + 104*a + 22. What is i(-20)?
-58
Let t(g) = g**3 - 35*g**2 - 165*g - 75. Give t(39).
-426
Let z(f) = 32*f + 314. Give z(-8).
58
Let f(x) = 2*x**3 + 18*x**2 + 15*x + 37. Determine f(-9).
-98
Let x(u) = 3*u**3 - 99*u**2 + 276*u - 3. Determine x(3).
15
Let o(a) = 20*a**2 - 6*a + 54. What is o(6)?
738
Let q(y) = 6*y**2 + 13*y + 9. Determine q(-4).
53
Let u(g) = 57*g + 49. Calculate u(-1).
-8
Let d(f) = f**3 + 11*f**2 - 147*f - 95. Determine d(-17).
670
Let b(u) = 2*u**2 - 3*u - 144. Determine b(-8).
8
Let h(t) = t**3 - 5*t**2 - 16*t + 70. What is h(4)?
-10
Let f(y) = y**2 - 12*y - 70. Determine f(12).
-70
Let u(w) = -2*w**3 + 39*w**2 + 336*w + 69. Calculate u(26).
17
Let l(p) = p**3 - 166*p**2 - 677*p - 509. Determine l(170).
1
Let j(q) = -502*q - 11549. Determine j(-23).
-3
Let h(j) = -564*j + 9022. Calculate h(16).
-2
Let v(t) = 2*t**3 - 36*t**2 - 74*t - 3. Determine v(-2).
-15
Let k(a) = -a**2 + 23*a - 91. What is k(10)?
39
Let r(p) = p**3 - 14*p**2 - 753*p + 9998. Determine r(13).
40
Let o(s) = -s**3 + 38*s**2 - 36*s - 102. Determine o(37).
-65
Let n(w) = -w**2 + 28*w - 105. Determine n(6).
27
Let a(w) = 7*w**3 - 4*w - 5. Calculate a(-2).
-53
Let u(n) = -145*n + 1475. What is u(10)?
25
Let z(g) = g**3 - 43*g**2 + 37*g + 126. Give z(42).
-84
Let y(r) = -r**2 + 2*r - 20. Calculate y(-7).
-83
Let b(p) = p**3 + 46*p**2 + 531*p + 40. What is b(-23)?
-6
Let v(o) = 10*o**2 - 25*o + 59. Give v(4).
119
Let v(i) = -i**3 + 30*i**2 - 95*i - 105. Determine v(26).
129
Let n(w) = w**2 - 25*w - 33. Calculate n(27).
21
Let w(a) = -a**2 + 15*a - 182. What is w(19)?
-258
Let u(y) = y**3 + 36*y**2 + 25*y - 99. What is u(-35)?
251
Let h(k) = 167*k + 922. Give h(-8).
-414
Let g(x) = 338*x - 312. Determine g(1).
26
Let l(u) = -7*u**2 - 160*u + 384. Calculate l(-25).
9
Let v(r) = -2*r**2 + 12*r - 6. Give v(0).
-6
Let t(x) = -24*x**2 - 53*x + 179. Calculate t(3).
-196
Let x(f) = -18*f**2 - 4*f - 8. What is x(-1)?
-22
Let m(c) = -2*c**3 + 205*c**2 + 103*c - 273. Give m(103).
-273
Let o(r) = r**3 + 79*r**2 - 80*r - 2. Give o(-80).
-2
Let y(j) = j**3 + 23*j**2 - 131*j - 270. What is y(-27)?
351
Let h(p) = -p**3 - 185*p**2 + 1155*p - 39. What is h(6)?
15
Let n(h) = 86*h + 6694. Give n(-78).
-14
Let t(d) = 805*d - 174681. Determine t(217).
4
Let u(s) = s**2 + 823*s + 2460. What is u(-3)?
0
Let d(n) = -2*n**3 + 8*n**2 + 23*n - 57. Give d(5).
8
Let m(r) = -3*r**2 + 12*r + 3398. Determine m(-32).
-58
Let a(z) = -8*z + 77. What is a(4)?
45
Let q(t) = -3*t**2 + 1877*t + 9463. Calculate q(-5).
3
Let l(p) = -24*p**2 + 36*p - 4. Give l(2).
-28
Let l(z) = 26*z**2 - 287*z + 568. Calculate l(2).
98
Let b(a) = -a**3 - 50*a**2 + 160*a + 63. Determine b(-53).
10
Let h(t) = 5794*t - 17388. Determine h(3).
-6
Let x(m) = -m**3 - 2*m**2 + 135*m + 617. Give x(-6).
-49
Let f(j) = -2*j**3 + 43*j**2 - 94*j + 40. What is f(19)?
59
Let g(y) = 2*y**2 - 4722*y - 47418. Give g(-10).
2
Let j(c) = 4*c**2 - 129*c + 31. Give j(34).
269
Let i(f) = f**2 + 108*f - 4132. Determine i(30).
8
Let t(y) = -2*y**3 + 10*y**2 - 4*y - 27. Determine t(7).
-251
Let m(r) = 17*r - 2605. Determine m(153).
-4
Let f(c) = c**3 + 4*c**2 - 2*c + 12. What is f(-4)?
20
Let k(b) = 2125*b - 19137. Give k(9).
-12
Let w(m) = -m**2 - 87*m + 546. Give w(-92).
86
Let w(s) = 2*s**2 + 64*s - 75. Give w(-33).
-9
Let z(v) = -15004*v - 90010. What is z(-6)?
14
Let a(d) = 6*d**3 + 19*d**2 - 185*d - 566. Give a(-3).
-2
Let a(y) = -523*y**2 + 3135*y + 20. Determine a(6).
2
Let b(u) = 2*u - 58. Determine b(24).
-10
Let c(d) = -d**2 - 171*d - 7274. Give c(-80).
6
Let l(i) = i**3 - 10*i**2 - i + 85. Calculate l(9).
-5
Let y(o) = 2*o**2 + 51*o + 53. What is y(-21)?
-136
Let b(p) = 2*p**3 - 9*p**2 - 27*p + 7. What is b(-3)?
-47
Let k(a) = a**2 + 59*a - 81. Give k(-62).
105
Let m(d) = d**2 + 15*d - 274. What is m(-26)?
12
Let v(t) = 23*t + 164. Determine v(-16).
-204
Let w(c) = -c**2 - 32*c + 2753. Determine w(39).
-16
Let g(v) = 4*v**2 - 275*v - 312. Calculate g(70).
38
Let a(k) = -k**3 - 16*k**2 + 156*k - 99. What is a(-23)?
16
Let w(d) = 42*d + 338. Calculate w(-28).
-838
Let q(s) = -2*s**2 - 27*s + 39. What is q(-14)?
25
Let z(x) = -x**3 - 3*x**2 - 3*x - 52. Calculate z(0).
-52
Let h(u) = 2*u**3 + 171*u**2 + 88*u + 119. Determine h(-85).
-136
Let y(g) = 10*g**2 - 266*g + 265. Calculate y(1).
9
Let u(a) = -95*a - 93. Calculate u(-1).
2
Let y(o) = -o**2 - o + 704. Calculate y(-27).
2
Let j(l) = 44*l + 972. Calculate j(-22).
4
Let l(h) = -h**3 - 34*h**2 - 4*h - 147. Calculate l(-34).
-11
Let q(x) = 63*x - 5790. Determine q(92).
6
Let r(c) = c**2 - 6*c + 18. Calculate r(10).
58
Let y(t) = -t**2 - 431*t - 10530. What is y(-26)?
0
Let u(t) = -t**3 - 15*t**2 - 36*t - 155. What is u(-13)?
-25
Let m(p) = p**2 - 36*p - 185. What is m(-8)?
167
Let p(l) = -66*l**2 + 852*l + 67. Calculate p(13).
-11
Let o(l) = -237*l - 1910. Give o(-8).
-14
Let m(g) = 10*g**2 + 64*g + 22. Calculate m(-8).
150
Let g(w) = -611*w - 681. What is g(-1)?
-70
Let o(z) = z**2 - 23*z - 124. Give o(30).
86
Let h(t) = 37*t - 1971. What is h(52)?
-47
Let w(z) = -z**2 - 77*z - 617. Give w(-68).
-5
Let j(s) = -177*s - 2660. Give j(-15).
-5
Let q(t) = -t**3 - 7*t**2 - 25*t - 74. Determine q(-7).
101
Let a(x) = 5*x**3 - 34*x**2 + 14*x + 168. What is a(-2)?
-36
Let b(k) = -764*k**2 - 22155*k + 34. What is b(-29)?
5
Let h(i) = i**3 + 54*i**2 + 3*i + 276. Calculate h(-54).
114
Let t(a) = -a**3 - 4*a**2 + 95*a + 20. Give t(9).
-178
Let k(f) = 6*f**2 - 210*f - 8496. Give k(59).
0
Let q(c) = c**3 + 7*c**2 + 3*c + 108. Give q(-9).
-81
Let f(x) = -72*x + 868. What is f(13)?
-68
Let z(g) = -g**2 - 9*g + 1. Give z(9).
-161
Let y(f) = 116*f + 3481. Calculate y(-30).
1
Let i(p) = -p**2 + 88*p + 433. What is i(85)?
688
Let d(b) = -580*b - 2944. Determine d(-5).
-44
Let c(j) = j**3 + 94*j**2 + 272*j - 67. Calculate c(-91).
24
Let h(c) = 186*c**2 + 5952*c - 3. What is h(-32)?
-3
Let u(m) = 14117*m - 56458. Determine u(4).
10
Let z(u) = 65*u - 1041. Calculate z(24).
519
Let u(a) = -a**2 - 108*a + 810. What is u(7)?
5
Let k(j) = -j**2 - 53*j + 607. What is k(9)?
49
Let n(g) = 6*g**2 - 2*g - 1. Give n(2).
19
Let a(x) = -2*x**2 - 73*x - 17. What is a(-36)?
19
Let w(v) = -44*v + 553. Give w(14).
-63
Let q(u) = 6503*u - 6508. What is q(1)?
-5
Let o(z) = 7*z**2 - 259*z + 6. Give o(37).
6
Let o(u) = 6*u**3 + 140*u**2 + 43*u - 62. Give o(-23).
7
Let n(i) = 8*i**3 - 5*i**2 - 36*i - 62. Calculate n(-2).
-74
Let h(g) = g**3 + 6*g**2 + 6*g + 15. Give h(-7).
-76
Let r(y) = -y**3 + 48*y**2 - 3*y + 233. Determine r(48).
89
Let q(y) = y**3 - 3*y**2 - 144*y + 663. Give q(5).
-7
Let c(a) = 123*a - 239. Determine c(2).
7
Let t(a) = 3171*a + 9474. Determine t(-3).
-39
Let c(a) = 45*a + 719. Give c(-17).
-46
Let w(f) = 9*f**2 - 1034*f + 2066. Give w(2).
34
Let f(t) = -4*t + 351. Calculate f(52).
143
Let y(h) = h**2 - 7*h - 277. Give y(20).
-17
Let s(k) = 25*k**2 - 387*k + 24. Calculate s(15).
-156
Let w(i) = i**3 + 31*i**2 + 227*i + 35. Determine w(-20).
-105
Let h(z) = -3*z**2 - 52*z - 20. Calculate h(-16).
44
Let j(o) = -3*o**3 + 5*o**2 - 7*o - 33. What is j(-3)?
114
Let l(a) = -a**3 - 10*a**2 + 60*a - 7. Give l(-15).
218
Let x(y) = -180*y + 1263. What is x(7)?
3
Let q(j) = -j**3 + 11*j**2 + 4*j - 190. What is q(6)?
14
Let r(f) = 46*f**2 - 29*f - 89. Determine r(-3).
412
Let i(y) = y**2 + 66*y + 769. What is i(-15)?
4
Let x(k) = -k**3 + 7*k**2 + 23*k - 52. Calculate x(9).
-7
Let d(l) = -76*l**2 + 2417*l + 477. Determine d(32).
-3
Let q(a) = -18*a - 165. What is q(-9)?
-3
Let k(t) = -t**2 - 977*t - 4855. Give k(-5).
5
Let z(r) = -r**3 - 8*r**2 + 26*r + 32. Give z(-10).
-28
Let s(c) = 1326*c - 25208. What is s(19)?
-14
Let b(o) = -o**3 + 3*o**2 + 24*o - 312. Calculate b(0).
-312
Let i(w) = w**2 + 6*w + 24. Determine i(-5).
19
Let o(l) = -5*l**2 - 249*l - 229. Determine o(-49).
-33
Let g(w) = -w**3 + 2*w**2 - 30*w + 91. Calculate g(3).
-8
Let g(p) = -p**2 - 44*p - 253. Determine g(-27).
206
Let w(q) = 363*q - 16396. What is w(45)?
-61
Let w(x) = 17*x - 309. What is w(34)?
269
Let g(b) = 35*b + 727. Calculate g(-13).
272
Let h(o) = 7*o + 404. Calculate h(-33).
173
Let a(r) = -12*r**2 - 820*r - 269. What is a(-68)?
3
Let c(y) = 75*y + 1542. What is c(-23)?
-183
Let n(j) = 902*j + 2571